-d**2 + 1740*d + 78489. Give v(-44).
-7
Let m(u) = u**3 + 85*u**2 - 20*u - 1508. Calculate m(-85).
192
Let x(r) = -6145*r - 2507149. Give x(-408).
11
Let i(b) = -b**3 + 103*b**2 + 1478*b + 100. Calculate i(-13).
490
Let h(a) = -136*a - 3316. Determine h(-24).
-52
Let p(h) = 204*h + 11982. Give p(-83).
-4950
Let c(n) = -1574*n**2 + 253415*n - 162. Calculate c(161).
-1
Let s(v) = 1263*v + 16623. Calculate s(-13).
204
Let p(a) = 35339*a - 282755. Calculate p(8).
-43
Let c(s) = s**3 - 88*s**2 - 283*s + 897. Give c(-5).
-13
Let m(n) = 2104*n - 4312. What is m(2)?
-104
Let z(o) = -5*o**3 - 474*o**2 + 154*o + 4181. Give z(-95).
-1424
Let z(x) = -x**3 - 53*x**2 - 1009*x - 53753. Determine z(-53).
-276
Let p(i) = 2*i**2 + 732*i - 8959. Determine p(12).
113
Let o(y) = -3*y**3 + 7*y**2 + 504*y - 2346. What is o(5)?
-26
Let a(u) = 5358*u - 1843170. What is a(344)?
-18
Let h(c) = -75848*c + 151371. What is h(2)?
-325
Let h(q) = q**3 - 166*q**2 + 329*q - 82. Give h(164).
82
Let x(s) = -8*s**3 - 45*s**2 + 17*s + 51. Determine x(-5).
-159
Let d(z) = -7*z**3 - 2924*z**2 + 9651*z - 13468. Determine d(-421).
4
Let r(i) = -i**2 - 62*i + 470. Calculate r(-75).
-505
Let c(z) = z**2 + 27228*z - 1281922. Calculate c(47).
3
Let c(m) = -3*m**3 + 127*m**2 + 4356*m - 184715. What is c(42)?
1
Let j(f) = -11628*f - 313781. Give j(-27).
175
Let x(z) = -z**3 - 191*z**2 - 1158*z - 8875. Give x(-185).
5
Let d(g) = 105*g**2 + 99*g + 77. Calculate d(3).
1319
Let m(t) = t**3 + 50*t**2 + 225*t + 265. Determine m(-46).
-1621
Let p(w) = -w**2 - 302*w + 48489. What is p(-418)?
1
Let l(d) = d**3 - 12*d**2 - 102*d - 42. What is l(16)?
-650
Let h(r) = -52*r**2 + 2215*r + 22291. Give h(51).
4
Let x(m) = 14*m**2 + 142*m - 691. Determine x(6).
665
Let k(a) = -14*a**3 + 159*a**2 - 39*a - 146. Give k(11).
30
Let m(r) = 535*r - 133012. Give m(249).
203
Let i(s) = -58*s**2 + 2602*s + 45. Determine i(45).
-315
Let f(z) = -27998*z + 55938. What is f(2)?
-58
Let t(a) = -2028*a - 30531. Give t(-15).
-111
Let p(w) = 419*w**3 - 15919*w**2 - 116*w + 72. What is p(38)?
-4
Let p(j) = -j**3 - 37*j**2 + 57*j + 468. Calculate p(-38).
-254
Let m(n) = 10*n**2 + 16583*n - 99827. Calculate m(6).
31
Let x(t) = -31916*t + 160121. Determine x(5).
541
Let x(k) = 198*k + 51299. What is x(-259)?
17
Let b(y) = y**2 + 447*y - 32525. Determine b(64).
179
Let b(s) = -2*s**2 + 9683*s + 135990. Calculate b(-14).
36
Let c(v) = -5*v**3 + 111*v**2 - 57*v - 780. Determine c(21).
669
Let o(p) = -496*p - 2792. What is o(-6)?
184
Let u(o) = 42*o**2 - 89*o - 867. Determine u(-9).
3336
Let x(a) = 2*a**3 + 9*a**2 - 3*a + 51. What is x(-5)?
41
Let m(u) = -8*u**3 + 45*u**2 + 100*u - 612. Determine m(5).
13
Let z(d) = d**2 + 241*d - 187529. Determine z(329).
1
Let j(v) = 14918*v - 194723. Determine j(13).
-789
Let s(t) = 226*t - 4271. Determine s(18).
-203
Let v(a) = a**2 - 37*a + 387. Give v(12).
87
Let w(t) = -12*t**3 - 2038*t**2 + 343*t + 1342. What is w(-170)?
832
Let v(z) = -z**3 - 232*z**2 - 1128*z + 1577. Calculate v(-227).
-12
Let q(g) = -2*g**3 + 178*g**2 + 46*g - 3767. What is q(89)?
327
Let y(t) = -t**3 + 15*t**2 + 112*t + 809. What is y(21)?
515
Let u(o) = -83*o**2 - 6*o + 27. What is u(-1)?
-50
Let n(f) = -2*f**2 + 40910*f + 450184. What is n(-11)?
-68
Let a(u) = 6271*u**2 - 119159*u + 185. Give a(19).
-5
Let j(z) = 500*z - 33333. What is j(67)?
167
Let r(v) = 52*v**3 + 3*v**2 - 1375*v + 4132. Calculate r(3).
1438
Let c(a) = -a**3 + 39*a**2 + 190*a - 54. What is c(43)?
720
Let k(f) = -f**2 + 4888*f + 3464047. What is k(-628)?
-1
Let z(k) = -66*k**3 - 728*k**2 - 19*k + 31. What is z(-11)?
-2
Let j(u) = -4*u**2 + 215*u + 275. Give j(55).
0
Let g(v) = -842*v + 5840. Give g(6).
788
Let x(q) = 2*q**2 + 702*q + 61621. Determine x(-175).
21
Let s(g) = g**3 - 65*g**2 + 185*g + 98. Calculate s(62).
36
Let y(z) = -z**3 - 5*z**2 + 25*z - 31. Give y(-7).
-108
Let d(y) = 3*y**3 - 1253*y**2 - 2918*y - 9243. Calculate d(420).
-3
Let q(r) = -2*r**3 + 49*r**2 - 24*r + 107. Calculate q(23).
1142
Let o(k) = k**3 - 1593*k**2 - 32263*k - 99. Calculate o(-20).
-39
Let l(m) = 335876*m + 3022927. Give l(-9).
43
Let s(t) = 102*t**2 - 41*t - 1. Calculate s(0).
-1
Let p(s) = 7568*s + 30232. Give p(-4).
-40
Let q(x) = 6622*x - 271545. What is q(41)?
-43
Let h(n) = 91129*n + 273370. Calculate h(-3).
-17
Let i(f) = 176389*f - 1058321. Determine i(6).
13
Let q(z) = -z**3 + 23*z**2 - 103*z - 16. What is q(8)?
120
Let r(y) = 183*y - 14204. Determine r(81).
619
Let h(j) = -j**3 - 175*j**2 + 3689*j + 34. What is h(19)?
91
Let f(j) = -j**3 + 65*j**2 + 58*j + 9915. What is f(68)?
-13
Let d(l) = -52*l**2 - 949*l - 4081. Give d(-7).
14
Let o(j) = -9481*j - 180037. Calculate o(-19).
102
Let w(z) = -z**3 + 7*z**2 - 1244*z - 12380. Give w(-9).
112
Let j(z) = 4768*z + 17983. Give j(-4).
-1089
Let b(r) = 2*r**3 - 20*r**2 + 22128*r - 198975. What is b(9)?
15
Let w(u) = 113974*u + 569881. What is w(-5)?
11
Let i(n) = 2*n**3 + 1839*n**2 - 4605*n + 4643. Determine i(-922).
33
Let j(f) = -7*f**2 + 1052*f - 22125. Give j(125).
0
Let k(d) = 224*d - 13821. Determine k(69).
1635
Let q(u) = -5*u**2 - 26*u - 166. Calculate q(15).
-1681
Let k(l) = 7*l**2 - 229*l - 6404. Calculate k(-18).
-14
Let i(f) = 3*f**3 + 3*f**2 - 918*f + 2748. Give i(3).
102
Let t(u) = -u**3 + 52*u**2 + 697*u + 99. Give t(63).
351
Let o(x) = x**3 - 83*x**2 - 10933*x + 120. Give o(-71).
49
Let d(x) = -x**2 - 121*x - 2700. Calculate d(-30).
30
Let s(q) = -7*q**2 - 2397*q - 57804. What is s(-26)?
-214
Let o(k) = -k**3 + 11*k**2 + 235*k + 209. Determine o(-10).
-41
Let s(p) = -18*p**3 + 883*p**2 + 67*p - 5687. Calculate s(49).
-3
Let s(f) = -1005*f - 67348. Calculate s(-67).
-13
Let a(p) = -48*p**3 - 1046*p**2 + 233*p + 245. Determine a(-22).
-41
Let y(h) = -41341*h - 12526331. Give y(-303).
-8
Let h(r) = 6819*r - 572872. Determine h(84).
-76
Let i(m) = 5108*m - 71523. Calculate i(14).
-11
Let g(c) = -c**3 - 20*c**2 - 633*c - 7791. Give g(-15).
579
Let h(u) = u**3 - 81*u**2 + 87*u - 411. Determine h(80).
149
Let x(g) = -1441*g + 14071. Calculate x(10).
-339
Let t(z) = -z**2 - 86*z + 5551. What is t(-129)?
4
Let o(k) = 60963*k - 1463086. Calculate o(24).
26
Let q(x) = x**2 - 3166*x + 22091. Determine q(7).
-22
Let b(j) = 4*j**3 - 263*j**2 + 12*j + 11880. Calculate b(65).
-15
Let v(p) = 3*p**2 + 76*p + 225. Determine v(-20).
-95
Let p(o) = -18749*o + 374986. Determine p(20).
6
Let t(r) = 10362*r - 590705. Calculate t(57).
-71
Let p(l) = -4178*l + 58515. What is p(14)?
23
Let o(a) = -a**2 - 2915*a - 66544. Give o(-23).
-28
Let a(w) = 1520*w + 7320. What is a(-5)?
-280
Let z(j) = 2*j**2 + 700*j - 22074. Determine z(29).
-92
Let c(p) = 10775*p - 53693. Give c(5).
182
Let o(v) = -3*v**2 + 450*v - 2179. What is o(5)?
-4
Let o(a) = -3*a**3 + 997*a**2 + 704*a - 12664. Calculate o(333).
-10
Let r(a) = 12406*a - 16165011. What is r(1303)?
7
Let j(w) = -2*w**3 + 313*w**2 - 159*w + 317. What is j(156)?
-151
Let l(d) = d**2 - 35361*d + 388844. Determine l(11).
-6
Let m(f) = 428*f + 7464. What is m(-21)?
-1524
Let p(j) = 40802*j**2 - 408022*j + 14. Determine p(10).
-6
Let o(n) = -5525*n - 3027652. What is o(-548)?
48
Let z(p) = 14*p**2 + 199*p + 32. What is z(14)?
5562
Let g(u) = -7*u**2 - 1217*u + 4913. Give g(4).
-67
Let d(w) = 4*w**2 + 1158*w + 35174. Calculate d(-255).
-16
Let y(l) = -270*l + 3655. Determine y(13).
145
Let i(y) = -2*y**3 - 1378*y**2 + 96379*y + 317. Calculate i(64).
-3
Let h(r) = r**2 - 819*r - 14130. Give h(-17).
82
Let c(n) = 961*n + 57669. Determine c(-60).
9
Let z(s) = 3*s**2 - 196*s + 2116. What is z(28)?
-1020
Let i(k) = 81*k**2 - 641*k - 108. Calculate i(8).
-52
Let a(v) = v**3 - 6*v**2 + 231*v + 493. Give a(-2).
-1
Let h(x) = 51*x**3 - 373*x**2 + 378*x - 6. Determine h(1).
50
Let d(a) = 5*a**2 + 2315*a - 171598. Determine d(-528).
2
Let f(n) = 26629*n + 5592136. Determine f(-210).
46
Let t(j) = 7*j**2 - 632*j - 20892. Give t(116).
-12
Let k(f) = f**3 + 125*f**2 - 42539*f - 1347. Determine k(-278).
43
Let x(o) = 9417*o + 339173. Calculate x(-36).
161
Let x(p) = -2193*p + 1607. Give x(1).
-586
Let j(a) = -8408*a - 109711. Determine j(-13).
-407
Let o(c) = c**3 - 22*c**2 - 30*c - 1148. Calculate o(25).
-23
Let b(v) = -117104*v - 117115. Calculate b(-1).
-11
Let l(g) = g**3 - 56*g**2 + 809*g